e
Suppose 0 = 2*o - 1433 - 369. Is o composite?
True
Let c be (1 - (-2 - -4))*-4. Suppose 0 = 2*x + a + 6, -12 = 5*x + c*a - 3*a. Let z = x - -23. Is z a prime number?
False
Suppose -575 = -3*z + 2062. Suppose 4*o - 11 + 5 = 3*l, 2*l = 4. Suppose 8*w - 4*c - z = o*w, -c - 712 = -4*w. Is w prime?
True
Let d(k) = -k**3 - 6*k**2 + 8*k + 9. Let t be d(-7). Suppose 3*o = -t*o - 30. Is (44/6)/((-4)/o) prime?
True
Let t(l) = l**3 - 7*l**2 + 7*l - 2. Let s be t(6). Suppose -o = s*o - 530. Is o prime?
False
Let p(u) = 5*u + 9. Is p(5) composite?
True
Suppose 0 = -4*k - 2*h - 6, -k - h + 4 = 5. Suppose -111 = y - 4*y. Is y/2 + k/(-4) composite?
False
Let m = 34 - 24. Suppose -m*k + 7*k + 201 = 0. Is k a prime number?
True
Let a = -7 - -68. Suppose -3*p + a + 5 = 0. Is p prime?
False
Suppose -2*q - 5 = -3*o - 0*q, 0 = o - 5*q + 20. Is (58/8)/(o/60) prime?
False
Let r(c) = 554*c + 3. Let p be 30/(-45)*6/(-4). Is r(p) a prime number?
True
Is (-3199 + -3)/((3 + -2)*-2) prime?
True
Suppose -d + 0*d = -2. Suppose -d*a - 2*o = -0*o - 80, o = 2*a - 74. Let v = a + -27. Is v prime?
True
Let p(l) = -l + 11. Let j be p(9). Let d be (1/j)/1*-10. Is d/(3 + (-156)/51) a prime number?
False
Suppose -3*r = -3 + 9. Let d be r/(-1) - (-2 + 1). Suppose -i + 4*g = d*i - 100, -3*g = -5*i + 117. Is i a composite number?
True
Let h(y) = 3*y**2 - 13*y**3 - 5 + 12*y**3 + 3*y - 6*y**2. Is h(-6) a composite number?
True
Let w(y) = y - 6. Let t be w(3). Let s = t - -2. Let r = s + 8. Is r prime?
True
Let m(z) = -6*z**2 + z + 1. Let a(x) = -31*x**2 + 6*x + 5. Let v(g) = 2*a(g) - 11*m(g). Is v(-2) prime?
True
Is ((-132)/30)/(-11) - 36906/(-10) a composite number?
False
Let j(b) = -b**2 - 3*b + 18. Let n(i) = -i**2 - 4*i + 19. Let x(a) = -4*j(a) + 3*n(a). Is x(-8) prime?
False
Let o be (-6)/(3*-1) - 136. Let w = o + 205. Let c = 124 - w. Is c composite?
False
Let a(k) = -15*k**2 + 1. Let q be a(-2). Let u = q - -114. Is u a composite number?
True
Let j be (12/14)/(4/28). Let p be (-4)/j + (-28)/(-6). Suppose -4*a - 17 = -y + 1, -4*y = p*a - 52. Is y a prime number?
False
Suppose 0 = -0*n - n - 14. Is 865/35 + (-4)/n prime?
False
Suppose -4*a - 13 + 1 = -m, -20 = 2*a - 4*m. Let g be (-2)/(-8)*a*-4. Suppose -g*j + 42 = 3*c - 125, 3*j = -c + 58. Is c a composite number?
True
Let x(n) = 19*n**2 + 9*n - 20. Is x(6) prime?
False
Suppose -4*q + 0*q = -8. Is (q/3)/(4/1806) prime?
False
Let p be (2 - -3)/(1/1). Suppose -4*n + 13 = -m, p*n - m + 3*m = 13. Is n a composite number?
False
Suppose 3*u - 2*x - 349 = 0, -2*u = 2*x + 111 - 357. Suppose 0 = -2*l + 107 + u. Is l composite?
False
Let j(b) = b**3 - 4*b**2 + 3. Let y be j(-3). Let w = 183 + y. Let m = w + -86. Is m a prime number?
True
Let b = -3 - -5. Suppose b*w = -w. Let z(u) = u + 47. Is z(w) a prime number?
True
Suppose 199 + 39 = 2*u. Let i = -52 + u. Is i prime?
True
Suppose 0 = -5*s + 3*s + 8. Suppose s*p = p + 6. Is 1/(-2) + 243/p a composite number?
True
Let z = -3 - -1. Is (-572)/(-4)*(3 + z) composite?
True
Is (-54)/(-12)*2/(-3) - -398 a composite number?
True
Suppose -y + 0*z = -5*z - 1622, -4*z - 1625 = -y. Is y a composite number?
False
Suppose 0 = 2*z + 4*u - 5*u - 7, -4*z - 1 = -5*u. Suppose -725 = x - z*x. Is x prime?
False
Suppose -2*z + 6 = -4, -3*z + 23 = 2*n. Suppose -n*o - 497 = -5*o. Is o prime?
False
Suppose -5*m - 156 = -4*j, 2*m - 117 = -3*j + m. Let o = 0 + j. Is o composite?
True
Let b be (-2)/(-2) - (0 - 0). Let u = 112 - 48. Is u - (b + -2 - 0) composite?
True
Is (-4)/(-12) + 184/(-6)*-43 a prime number?
True
Suppose 3*i = 2*i + 10. Let f be 2/6 - i/3. Let v(r) = -2*r**3 - 3*r**2 + 4*r + 4. Is v(f) composite?
False
Suppose 0 = -2*u - 3*u - 5. Let w = u + -3. Let q(c) = -c**2 - 5*c + 3. Is q(w) prime?
True
Let y(n) = -293*n - 21. Is y(-4) a composite number?
False
Is 0 + 11 + 2 + -2 a composite number?
False
Suppose -2*t = -4*b - 4*t + 1210, 2*t - 1513 = -5*b. Is b a composite number?
True
Let p(k) = -k + 718. Is p(0) a prime number?
False
Suppose -5*f = k - 329, -4*f + 309 = f - 4*k. Is f a prime number?
False
Let a(i) = -i**3 - 2*i**2 - 10*i - 4. Is a(-13) a composite number?
True
Let c(x) = 6*x**2 - 12*x + 5. Is c(8) a prime number?
True
Let f = -2 - -4. Let a = 15 - f. Is a composite?
False
Let j = 320 + -70. Let g = j - -81. Is g a composite number?
False
Suppose -9*v - 2*v + 39523 = 0. Is v composite?
False
Let h = -730 + 1707. Is h composite?
False
Is 1414*2/4 - -2 prime?
True
Let w(p) = 787*p - 2. Is w(1) a prime number?
False
Let l = -1390 + 2951. Is l composite?
True
Is 1283/((-4)/(16/(-4))) a composite number?
False
Suppose -2*x = 3*x + 255. Let v = x - -89. Is v prime?
False
Suppose 0 = -4*h - h + 20. Suppose -3*l = n - h, -5*l = -3*n - 6 - 10. Is 21 - (-2 + 2/l) a prime number?
False
Suppose -25 = -4*n - n. Suppose -u + 150 = u - n*k, 2*u + k = 126. Is u a prime number?
False
Suppose 0 = -t - 4*w + 279, -2*t - w = -3*t + 304. Is t composite?
True
Let j(y) = -12*y - 5. Is j(-3) prime?
True
Let n be (-14)/(-4)*1*-86. Suppose 2*y + 321 = 1185. Let j = n + y. Is j a composite number?
False
Let l(b) = b - 4. Let y be l(2). Let m(g) = -7*g**2 + 27*g + 1. Let f(u) = 3*u**2 - 13*u - 1. Let k(x) = y*m(x) - 5*f(x). Is k(10) prime?
True
Let n = -7 + 11. Suppose -d - n*r + 0*r - 14 = 0, d = 5*r + 22. Suppose d*z + z = 165. Is z prime?
False
Let y(h) = 6*h**3 - h. Let l be y(-1). Let j = -1 - l. Suppose q - 5*f - 34 = 0, -j*f + 2 = 18. Is q composite?
True
Suppose -3*t + t + 188 = 0. Is t a prime number?
False
Let c = 5 - -4. Let s = 19 - c. Is s a prime number?
False
Let m(s) = -s - 2*s**2 + 6*s**2 + 2*s**2. Is m(7) prime?
False
Is (139/(-3) + -1)*-3 a composite number?
True
Suppose q = 6 + 28. Is q a prime number?
False
Let l = -636 - -192. Let s be l/(-20) + (-2)/10. Let o = s - 16. Is o composite?
True
Let m = -1650 + 2589. Is m a composite number?
True
Let d(k) = -176*k - 65. Is d(-29) a composite number?
False
Let s(o) = -59*o**3 - 2*o**2 - 5*o - 1. Let f be s(-2). Let n be (-2)/(-5) + 6548/(-20). Let w = f + n. Is w composite?
True
Let p = 2957 - 2070. Is p prime?
True
Suppose -6 = -m + k, -5*m - 4*k - 2 = 4. Suppose 0*n + 94 = m*n. Is n composite?
False
Suppose 8*w - 5*w = 354. Is w a composite number?
True
Suppose w - 3 = -0. Suppose -2*k + w*k = -5. Is 148/3 + k/15 prime?
False
Suppose 6*j = 26 + 16. Suppose j*d - 10*d = -39. Is d a composite number?
False
Let a = -6 - -4. Let u(y) = y**3 + 2*y**2 + 2. Let p be u(a). Is 37 + 3/((-3)/p) composite?
True
Let v be (-210)/(-49) + (-4)/14. Suppose s - 587 = -4*n + v*s, n - 140 = 3*s. Is n composite?
False
Suppose 5*n + 0*n = 0. Suppose -2*d - d - 5*t + 15 = n, 2*t - 6 = 0. Suppose 5*g = -4*i + 53 + 18, d = 4*g - 4*i - 64. Is g a prime number?
False
Let k(d) = 15*d - 4. Is k(6) a composite number?
True
Let o be -6*(-2 - 3/(-2)). Let c(p) = 2*p - 2. Let b be c(o). Suppose -v - 4 + 51 = 4*s, v = b*s - 41. Is s a prime number?
True
Let v be ((-182)/(-4))/(1/2). Let c = -45 + v. Is c a prime number?
False
Let m be 1/(-3) + 1/3. Suppose -c = -2*c + 30. Suppose 2*b = -m*b + c. Is b prime?
False
Let v(i) = 58*i - 41. Is v(19) composite?
False
Suppose -4*l + 12 + 4 = 0. Let a(x) = -7*x - 9. Let m(j) = 13*j + 17. Let w(i) = 11*a(i) + 6*m(i). Is w(l) a composite number?
False
Suppose -5*v + 7 = -18, 5*i - 12210 = 3*v. Is (4/(-6))/((-10)/i) a prime number?
True
Is 4 + 104 + (-8)/4 a composite number?
True
Let o be (-2 - 0 - 11)*-1. Suppose z - 38 - o = 0. Is z composite?
True
Let p(c) be the second derivative of 2*c**3/3 + c**2/2 + 3*c. Let i be p(1). Suppose 5*k + 0*o - 335 = -5*o, i*k - 329 = -2*o. Is k a prime number?
False
Let c be (-1 - -3)*(0 - -1). Let b be ((-1)/c)/((-4)/64). Suppose 2*v - 4*y = -8*y + b, 5*y + 65 = 5*v. Is v a composite number?
True
Let o(h) = -12*h - 16. Let n = 21 + -34. Let j be o(n). Let k = 209 - j. Is k composite?
True
Let f(g) = -8*g + 5. Let p be f(-6). Let a be 2/6 + (-2)/6. Suppose -k = -a*k - p. Is k a composite number?
False
Suppose 1960 = 5*l + 3*z, -2*z + 1899 - 329 = 4*l. Is l a prime number?
False
Suppose -k + 0*k = -18. Suppose 0 = -j - 4*m + k, m + 5 = -5*j - 0*m. Is 1/(j*(-1)/574) a composite number?
True
Let k be 12/66 + (-972)/22. Let c = k + 77. Is c prime?
False
Let u(t) = -249*t. Let c be u(-1). Let n = c - 154. 